ase 10, what is -356 + 119?
-237
In base 2, what is -110110111 + -1010110000?
-10001100111
In base 10, what is -5 + 56427?
56422
In base 2, what is 11111011010 - -11010011?
100010101101
In base 2, what is -1111000010 - 1001?
-1111001011
In base 6, what is -15335 - 1?
-15340
In base 15, what is 4a54 - 3?
4a51
In base 16, what is 82 + 1b20?
1ba2
In base 9, what is -8 + -32158?
-32167
In base 11, what is -2 + 692a3?
692a1
In base 5, what is -10 + 1410313?
1410303
In base 9, what is -5088 + 1?
-5087
In base 11, what is 3 - 9211?
-9209
In base 15, what is 3e - -14770?
147ae
In base 2, what is 11 - -10001110110101001100?
10001110110101001111
In base 5, what is 333402 + 1?
333403
In base 14, what is bc028 + 5?
bc02d
In base 4, what is 10 - 33131310?
-33131300
In base 10, what is -768 - -12?
-756
In base 7, what is -4530546 + 4?
-4530542
In base 7, what is 5 + 1053645?
1053653
In base 2, what is 101 + -11001000111011000011?
-11001000111010111110
In base 2, what is -1000010000011100111 + 0?
-1000010000011100111
In base 8, what is -2 + -1444765?
-1444767
In base 13, what is 79a23 - 1?
79a22
In base 7, what is 10030 + 646?
11006
In base 15, what is -2c90 + 33?
-2c5c
In base 16, what is -247d6 - -2?
-247d4
In base 4, what is -200130 - -1131?
-132333
In base 4, what is 0 + 110232111?
110232111
In base 5, what is -102141 - 130?
-102321
In base 4, what is -2333 - 202031?
-211030
In base 11, what is 82 + 804?
886
In base 16, what is e - c1dd?
-c1cf
In base 12, what is -69b4 - 1aa?
-6ba2
In base 15, what is 16411 - -1?
16412
In base 13, what is 259c + 5?
25a4
In base 12, what is -1 - 687893?
-687894
In base 2, what is -101 + 10010111001?
10010110100
In base 5, what is -4420433 + 1?
-4420432
In base 3, what is -11 - 111202002?
-111202020
In base 10, what is -2709 + 19?
-2690
In base 8, what is 4 - -5014642?
5014646
In base 8, what is 1 + 35671?
35672
In base 7, what is 123 - 411?
-255
In base 12, what is 286 - -195?
45b
In base 16, what is -9 - 2cdf?
-2ce8
In base 4, what is -2030321 + -3?
-2030330
In base 11, what is -31548 + -9?
-31556
In base 11, what is 72015 - 7?
72009
In base 4, what is 2 - 1021111?
-1021103
In base 14, what is 2 - -2817?
2819
In base 3, what is -100210010220 - 1?
-100210010221
In base 10, what is -2 - -15087?
15085
In base 9, what is 72276 + 18?
72305
In base 6, what is 332213 + -11?
332202
In base 5, what is 1202130 - -14?
1202144
In base 12, what is 7a3a + 0?
7a3a
In base 7, what is -23324 + 200?
-23124
In base 14, what is 5 - d9cc?
-d9c7
In base 11, what is 9a24a + -5?
9a245
In base 4, what is 111 + -1100201?
-1100030
In base 7, what is -1350 + 41?
-1306
In base 2, what is -111 + 10010110101100?
10010110100101
In base 15, what is 2 - -1b567?
1b569
In base 16, what is 0 + 2e385?
2e385
In base 12, what is 7a4 - 4?
7a0
In base 16, what is -455a7 + 17?
-45590
In base 4, what is 31122 + 2023?
33211
In base 4, what is 222023 - 1?
222022
In base 4, what is 1 + 2301?
2302
In base 6, what is 1021 - 1343?
-322
In base 7, what is 32600 + 0?
32600
In base 4, what is 0 - -110231?
110231
In base 11, what is -5 + 126a8?
126a3
In base 3, what is -11 + 12100011202?
12100011121
In base 15, what is -99 - 103e8?
-10492
In base 8, what is -2562 - 60?
-2642
In base 14, what is 1bc - d?
1ad
In base 8, what is -2 - 667145?
-667147
In base 11, what is -62 - -281?
21a
In base 8, what is -3 - -1115076?
1115073
In base 8, what is -4 - -137133?
137127
In base 2, what is -1011000101111 - -10110?
-1011000011001
In base 15, what is 200 + -203c?
-1d3c
In base 11, what is -153 - -11578?
11425
In base 13, what is -367b - 38?
-36b6
In base 5, what is -1132 - -2312?
1130
In base 16, what is 6b - caf?
-c44
In base 16, what is 1ac + -1b?
191
In base 5, what is -212 - -42434?
42222
In base 15, what is 679 - 4?
675
In base 10, what is -14 + -7870?
-7884
In base 4, what is 330 - -13013301?
13020231
In base 6, what is -34 + -533451?
-533525
In base 9, what is -10855 + 28?
-10826
In base 15, what is 111 - 846?
-735
In base 11, what is 168 - -37a9?
3966
In base 9, what is 1136 + -127?
1008
In base 15, what is -2 + 4277?
4275
In base 10, what is -153 - -160?
7
In base 11, what is -211 - 65?
-276
In base 7, what is 35 + -121441?
-121403
In base 3, what is 22112110 + 1012220?
100202100
In base 3, what is 2011 - -112112220?
112122001
In base 12, what is 181 - -3217?
3398
In base 13, what is -17 + -3630b?
-36325
In base 7, what is -3222246 + 5?
-3222241
In base 9, what is -2337 + -500?
-2837
In base 13, what is 87 + 3a5b?
3b15
In base 2, what is 0 - 10111011000111101?
-10111011000111101
In base 14, what is 11c7 + 102?
12c9
In base 4, what is -3100 - -10103?
1003
In base 12, what is 54 + 55a?
5b2
In base 2, what is -101 + -1010101011100000101?
-1010101011100001010
In base 14, what is 3 - -9cdc?
9d01
In base 15, what is 2 - 714c8?
-714c6
In base 8, what is 360 - 10?
350
In base 2, what is 1111011000111101 + 101?
1111011001000010
In base 2, what is -1 - -10111011111101110?
10111011111101101
In base 11, what is -1369 - -29?
-1340
In base 4, what is 11200123 + 3?
11200132
In base 11, what is -3 + a78a0?
a7898
In base 8, what is -16477661 + -4?
-16477665
In base 3, what is -10 - -1022120001112?
1022120001102
In base 13, what is 1a4 + 733?
907
In base 2, what is -100 + 1001111100111000?
1001111100110100
In base 7, what is -16222354 - 4?
-16222361
In base 8, what is 1401 - -717?
2320
In base 6, what is 0 - 24154341?
-24154341
In base 16, what is 3b80 + -10?
3b70
In base 15, what is 61 - -4d23?
4d84
In base 5, what is 44240 + 110?
44400
In base 12, what is -18 + 185?
169
In base 12, what is -505 - 1bb?
-704
In base 14, what is -7053c - 4?
-70542
In base 7, what is 533 - -442?
1305
In base 16, what is 0 + -57c86?
-57c86
In base 11, what is 6 - 117612?
-117607
In base 4, what is 3112112120 + -11?
3112112103
In base 7, what is 160 - -155?
345
In base 10, what is -2 - -6206?
6204
In base 16, what is 0 + 3a0e?
3a0e
In base 8, what is -111 - 7227?
-7340
In base 5, what is 3014 + 40001?
43020
In base 7, what is 42 - -26164?
26236
In base 13, what is 436a - 5?
4365
In base 3, what is -1122202212 + -10?
-1122202222
In base 6, what is 20 + 202015?
202035
In base 14, what is -d0 + -db?
-1cb
In base 12, what is 6277a22 - 2?
6277a20
In base 7, what is -1 + 22345?
22344
In base 8, what is 173 + -272?
-77
In base 13, what is -3b8b - 5?
-3b93
In base 7, what is 55312 + 4?
55316
In base 16, what is -2fb + -158?
-453
In base 10, what is 4296 - 4?
4292
In base 16, what is -46e - -93?
-3db
In base 8, what is 36020 + 1?
36021
In base 12, what is 2 + -45b9?
-45b7
In base 6, what is 1 + 10215151?
10215152
In base 6, what is -14155105 + 2?
-14155103
In base 10, what is 5 - 369?
-364
In base 9, what is -7465 + 3?
-7462
In base 5, what is 2133 + -2241?
-103
In base 2, what is -1000101100100101000 + -1?
-1000101100100101001
In base 6, what is 2 + -404542?
-404540
In base 14, what is -842c + -1?
-842d
In base 7, what is -1610523 - 1?
-1610524
In base 13, what is 4 - -44629?
44630
In base 9, what is 5 + 85278?
85284
In base 5, what is -100213 + -2?
-100220
In base 12, what is 1 - -65bb0a?
65bb0b
In base 5, what is -4 - 10104233?
-10104242
In base 10, what is -54 - 107?
-161
In base 16, what is c + -2c9c8?
-2c9bc
In base 8, what is 132711 - 2?
132707
In base 15, what is 1 + 52948?
52949
In base 9, what is -17444 + 3?
-17441
In base 11, what is -10950 - 14?
-10964
In base 3, what is 2012220 - -1110?
2021100
In base 9, what is -23 - 7600?
-7623
In base 16, what is -36 - -605?
5cf
In base 10, what is -1 + -1816053?
-1816054
In base 14, what is -a3d - -303?
-73a
In base 14, what is -4bb66 + 4?
-4bb62
In base 4, what is 10130 + -330032?
-313302
In base 8, what is -6153 - 20?
-6173
In base 5, what is 1433032 - -30?
1433112
In base 7, what is -14235 + -11?
-14246
In base 7, what is 155 + -21501?
-21313
In base 5, what is -3 - 10121310?
-10121313
In base 14, what is 4 + -1b8b76?
-1b8b72
In base 9, what is -47 + 744?
686
In base 4, what is 2030 - 120003?
-111313
In base 2, what is 100110 + -101110101000?
-101110000010
In base 15, what is 1515 - -2?
1517
In base 6, what is 1133111 - -1?
1133112
In base 11, what is 14 + -14160?
-14147
In base 7, what is 6 + 1253550?
1253556
In base 16, what is -17 - 2c8f?
-2ca6
In base 11, what